 -2840. Let v = k + g. Calculate the remainder when v is divided by 11.
8
Suppose -2*z = 2*i - 66, 2*z = -i + 5*z + 49. What is the remainder when 957 is divided by i?
32
Let u(p) = p**3 + 11*p**2 + 10*p + 13. Let g = 32448 - 31600. What is the remainder when g is divided by u(-9)?
83
Suppose 3*v = 6*v - 15. Suppose 4*t - 787 = -2*h - 161, 0 = v*t - 20. What is the remainder when h is divided by 62?
57
Suppose -56*m = 66*m - 23*m - 199584. What is the remainder when 10085 is divided by m?
5
Let a(k) = 11*k - 7. Let u be a(1). Calculate the remainder when 1128 is divided by -2*(8362/(-111))/(u/3).
111
Suppose -476 = -41*i + 1164. Suppose -2*b - 2*u + 17 + 3 = 0, -4*b = -3*u - i. What is the remainder when 176 is divided by b?
6
Let n(p) = -p**2 + 17*p - 16. Let z be n(16). Suppose -11*f + z*f = -187. What is the remainder when 88 is divided by f?
3
Let m(c) = 7*c**2 + 16*c + 71. Let z be m(-4). Suppose -r = 2*o - z, 10*r - 6 = 8*r. What is the remainder when 231 is divided by o?
57
Suppose -109*o = -53*o - 8008. Calculate the remainder when 151 is divided by o.
8
Suppose 2328 = 262*i - 165*i. Calculate the remainder when 517 is divided by i.
13
Suppose 14638 = 113*g + 8*g - 1697. Calculate the remainder when g is divided by 17.
16
Let b(a) be the third derivative of a**5/30 + a**4/12 + a**3/3 - a**2. Suppose -82*o + 4882 + 1814 = 42*o. Calculate the remainder when o is divided by b(-3).
12
Let s = -1077 - -1242. What is the remainder when s is divided by 78?
9
Let g = 214 + -212. Suppose 68 = b - g*t, 265 = 3*b + b - t. What is the remainder when b is divided by 9?
3
Suppose v - 27 = 3. Let g be 5*(1 + 2/5). Suppose -l = -g - 4. What is the remainder when v is divided by l?
8
Let y = 1011 - 176. Suppose y = -23*l + 4538. Calculate the remainder when l is divided by 28.
21
Let k(n) = -4*n + 47. Let j be k(-7). Suppose 0*s + j = 3*s. Suppose -70 = -14*u + 56. What is the remainder when s is divided by u?
7
Let a = -14117 + 14385. Calculate the remainder when a is divided by 27.
25
Suppose 395 = 6*o + 1937. Let z = -155 - o. Calculate the remainder when z is divided by 31.
9
Let q be (-28)/(-168) - 143/(-6). Suppose q*f + 116 - 596 = 0. What is the remainder when f is divided by 10?
0
Let d(x) = -53*x**2 - 2*x - 1. Let k be d(2). Let u = k - -267. Calculate the remainder when 194 is divided by u.
44
Let y = 2895 - 2829. Suppose i = 6*i - 90. What is the remainder when 29 is divided by (i/30 - y/10)*-1?
5
What is the remainder when (-7 - 46071/(-27))/((-1)/(-6)) is divided by 47?
44
Let g = 5027 - 4930. Calculate the remainder when g is divided by 26.
19
Let g(q) = -q + 24. Let r be (0/(-1))/(5 - 3). Suppose -3*v + 288 = 4*h, r*v + 2*v = 3*h + 192. Calculate the remainder when v is divided by g(10).
12
Let f be (3 - (4 + -4)) + 2 + 4. Suppose 156 = 15*c - f*c. Let r = -101 - -202. What is the remainder when r is divided by c?
23
Suppose -5*f + 4*h = -175, 0*h = 3*f + 2*h - 83. Suppose 7*i + 10 = f. What is the remainder when 33 is divided by i?
0
Suppose -38*d = 32*d - 10882 - 108. Let r(u) = -u**3 + 7*u**2 - 5*u + 7. What is the remainder when d is divided by r(5)?
29
Suppose 3*u = 8*u + 195. Let q = -28 - u. Let d = q + 43. Calculate the remainder when d is divided by 14.
12
Let l = 72 + -59. What is the remainder when l is divided by (-32)/(-10) + -2 + 34/5?
5
Let g = 41 + -40. Suppose -h + 2 = g, 42 = 3*w + 3*h. Calculate the remainder when 180 is divided by w.
11
Let s = -3900 - -3914. Calculate the remainder when 1301 is divided by s.
13
Suppose -2*k = 4*n - 654, -2 - 3 = 5*k. Suppose 2*v - 3*l + 6*l = 13, -5*l = -4*v + 81. What is the remainder when n is divided by v?
10
Let g = 2384 + -2372. What is the remainder when 1845 is divided by g?
9
Suppose -2*t = 3*t - 195. Suppose 329*j - 4630 = -134*j. Calculate the remainder when t is divided by j.
9
Let l = 10131 + -9041. Calculate the remainder when l is divided by 25.
15
Suppose 3*g - 12 = 2*p, -4*g = -7*p + 2*p - 23. Suppose 7 = 2*c + 1, -2*c - g = 4*i. Calculate the remainder when (-150)/(4/i - 0) is divided by 26.
23
Let i = -3839 + 3920. What is the remainder when 140 is divided by i?
59
Let c(g) = 3*g**2 - 26*g - 31. Let r be c(14). Let w = -186 + r. What is the remainder when 67 is divided by w?
4
Let f = 19 + -13. Let m be (-1)/15*5*(-648)/8. Suppose f*l - 33 = m. What is the remainder when 28 is divided by l?
8
Suppose 4*c - 2*h = 141 - 39, 4*c - 93 = -h. Let z(x) = 9*x - 94. Let d be z(11). Suppose 0 = -d*w - 111 + 461. Calculate the remainder when w is divided by c.
22
Suppose -5*f - 57*f + 773 + 95 = 0. Calculate the remainder when 2771 is divided by f.
13
Suppose -476 = -4*o + 1271 - 519. Calculate the remainder when o is divided by 104.
99
Let d(g) = 2*g**2 + 235*g - 315. Let f = -2 + 6. Calculate the remainder when d(-119) is divided by f.
2
Let t(l) = l**2 - 64*l + 20. Calculate the remainder when 72 is divided by t(0).
12
Let n(q) = 68*q - 359. Calculate the remainder when n(22) is divided by 17.
15
Let w be (-4)/6 + 32/3. Suppose 5*v + 25 = w*v. Suppose -10 = -2*j - v*r, 12 = 2*j + 4*r - 2. What is the remainder when j is divided by 8?
7
Calculate the remainder when (-15 + (-1932)/(-8))/(6/16) is divided by 21.
16
Let w(m) = m - 17. Let q be w(17). Let n(v) = -v**2 - v + 1. Let r be n(q). Suppose 13 = x - r. Calculate the remainder when 36 is divided by x.
8
Let o = -2738 - -2770. What is the remainder when 408 is divided by o?
24
Let z be ((-48)/32)/(3/(-4)). Suppose z*h - 3*u = 13, -2*h + 5*u - 37 = -6*h. Suppose -h*w + 417 = -191. What is the remainder when w is divided by 26?
24
Let w be (-2)/(-7) - (-26)/7. Suppose 0 = -l + w*f + 18, -5*f - 151 = -4*l - 46. Suppose 3*m - l = 6. Calculate the remainder when 19 is divided by m.
7
Suppose 4*w + 307 = 6*w + j, 5*w + 4*j - 772 = 0. Suppose 7*v - 5*r = 4*v + w, v - 3*r - 52 = 0. What is the remainder when v is divided by 17?
15
Suppose 7443 - 1047 = -66*f + 92*f. What is the remainder when f is divided by 84?
78
Let c(b) = b**3 - 15*b**2 + 13*b + 53. Let l be c(8). Let y = l - -310. Let g = 11 - 7. Calculate the remainder when y is divided by g.
3
Let t be 2/(-4 - (-112)/24). Let p(a) = 7*a - 20. Let y(m) = -2*m + 5. Let l(r) = -2*p(r) - 9*y(r). What is the remainder when 20 is divided by l(t)?
6
Let j(a) = -a**2 - 56*a - 767. Calculate the remainder when 29 is divided by j(-24).
0
Calculate the remainder when 1*13/(130/3810) is divided by 93.
9
Let b = -142 + 142. Suppose -4*h + 164 = 4*c - 5*c, b = -5*h - 5*c + 230. Calculate the remainder when h is divided by 24.
18
Let s(m) = 4*m**2 + 79*m + 161. What is the remainder when s(-21) is divided by 112?
42
Let g be -4 - 94*4/8. Suppose 2*z = 10, 7*s - 4*s - 5*z - 5 = 0. Calculate the remainder when (-2)/(-2) - g/3 is divided by s.
8
Let p = -86 - -105. Let f = -5 - -17. Suppose f = 2*n - m, n - 24 = -3*n - m. What is the remainder when p is divided by n?
1
Let o = 14524 + -14333. Calculate the remainder when 364 is divided by o.
173
Suppose -4*o = -20, -46*o - 16 = -n - 47*o. Calculate the remainder when 1143 is divided by n.
10
Let n(x) = x**2 + x - 5. Suppose 0*v = 5*v - 45. Let m be n(v). Suppose -4*p - 3*o = -m, -3*p + 9 = 5*o - 41. What is the remainder when p is divided by 7?
4
Suppose 2*l + 0*l - 6 = 2*w, 0 = -5*l + 5. Let y be ((-8)/(-5))/(w/105). Let g = 169 + y. Calculate the remainder when g is divided by 23.
16
Let l = 1618 + -1599. What is the remainder when 778 is divided by l?
18
Let w(k) = 8*k**2 + 115*k + 885. What is the remainder when w(-8) is divided by 30?
27
Suppose 0 = 3*y - 0*y - 228. Let n(q) = -q**2 - 184*q - 3266. What is the remainder when y is divided by n(-20)?
6
Suppose -5*d - 5*o = -605, d - 132 = -5*o - 35. What is the remainder when 739 is divided by d?
104
Suppose 3*l - 44 + 11 = 0. Suppose 373*a - 362*a - 220 = 0. What is the remainder when a is divided by l?
9
Let z(w) = 69*w. Suppose -33*v - 369 = -34*v. Let q = -361 + v. What is the remainder when z(1) is divided by q?
5
Suppose 3*x - 994 = 6*d - 7*d, -2*d + 1655 = 5*x. Let o = -276 + x. What is the remainder when 222 is divided by o?
51
Let w(m) = 1059*m - 4197. Calculate the remainder when w(4) is divided by 32/(-6)*15/(-4).
19
Let r(s) = -472*s**3 - 3*s**2 + s + 15. Calculate the 